[INFO] cloning repository https://github.com/asrcpq/mytableau
[INFO] running `Command { std: "git" "-c" "credential.helper=" "-c" "credential.helper=/workspace/cargo-home/bin/git-credential-null" "clone" "--bare" "https://github.com/asrcpq/mytableau" "/workspace/cache/git-repos/https%3A%2F%2Fgithub.com%2Fasrcpq%2Fmytableau", kill_on_drop: false }`
[INFO] [stderr] Cloning into bare repository '/workspace/cache/git-repos/https%3A%2F%2Fgithub.com%2Fasrcpq%2Fmytableau'...
[INFO] running `Command { std: "git" "rev-parse" "HEAD", kill_on_drop: false }`
[INFO] [stdout] c8519c0e8942cbb20e27f56c5ef3662973f2e226
[INFO] building asrcpq/mytableau against master#ff34b919075f35a1787659e9c448a34b06bab8de for issue-85264
[INFO] running `Command { std: "git" "clone" "/workspace/cache/git-repos/https%3A%2F%2Fgithub.com%2Fasrcpq%2Fmytableau" "/workspace/builds/worker-3/source", kill_on_drop: false }`
[INFO] [stderr] Cloning into '/workspace/builds/worker-3/source'...
[INFO] [stderr] done.
[INFO] validating manifest of git repo https://github.com/asrcpq/mytableau on toolchain ff34b919075f35a1787659e9c448a34b06bab8de
[INFO] running `Command { std: "/workspace/cargo-home/bin/cargo" "+ff34b919075f35a1787659e9c448a34b06bab8de" "metadata" "--manifest-path" "Cargo.toml" "--no-deps", kill_on_drop: false }`
[INFO] started tweaking git repo https://github.com/asrcpq/mytableau
[INFO] finished tweaking git repo https://github.com/asrcpq/mytableau
[INFO] tweaked toml for git repo https://github.com/asrcpq/mytableau written to /workspace/builds/worker-3/source/Cargo.toml
[INFO] crate git repo https://github.com/asrcpq/mytableau already has a lockfile, it will not be regenerated
[INFO] running `Command { std: "/workspace/cargo-home/bin/cargo" "+ff34b919075f35a1787659e9c448a34b06bab8de" "fetch" "--manifest-path" "Cargo.toml", kill_on_drop: false }`
[INFO] running `Command { std: "docker" "create" "-v" "/var/lib/crater-agent-workspace/builds/worker-3/target:/opt/rustwide/target:rw,Z" "-v" "/var/lib/crater-agent-workspace/builds/worker-3/source:/opt/rustwide/workdir:ro,Z" "-v" "/var/lib/crater-agent-workspace/cargo-home:/opt/rustwide/cargo-home:ro,Z" "-v" "/var/lib/crater-agent-workspace/rustup-home:/opt/rustwide/rustup-home:ro,Z" "-e" "SOURCE_DIR=/opt/rustwide/workdir" "-e" "CARGO_TARGET_DIR=/opt/rustwide/target" "-e" "CARGO_HOME=/opt/rustwide/cargo-home" "-e" "RUSTUP_HOME=/opt/rustwide/rustup-home" "-w" "/opt/rustwide/workdir" "-m" "1610612736" "--user" "0:0" "--network" "none" "ghcr.io/rust-lang/crates-build-env/linux@sha256:20528e8c29e4536546f0102ce88568b16ea7538393a33fcca951030f7af10457" "/opt/rustwide/cargo-home/bin/cargo" "+ff34b919075f35a1787659e9c448a34b06bab8de" "metadata" "--no-deps" "--format-version=1", kill_on_drop: false }`
[INFO] [stdout] 173c5205a75b76ec9ee83a8a6123f406efc69de238cce1d09044672f6685fe5d
[INFO] [stderr] WARNING: Your kernel does not support swap limit capabilities or the cgroup is not mounted. Memory limited without swap.
[INFO] running `Command { std: "docker" "start" "-a" "173c5205a75b76ec9ee83a8a6123f406efc69de238cce1d09044672f6685fe5d", kill_on_drop: false }`
[INFO] running `Command { std: "docker" "inspect" "173c5205a75b76ec9ee83a8a6123f406efc69de238cce1d09044672f6685fe5d", kill_on_drop: false }`
[INFO] running `Command { std: "docker" "rm" "-f" "173c5205a75b76ec9ee83a8a6123f406efc69de238cce1d09044672f6685fe5d", kill_on_drop: false }`
[INFO] [stdout] 173c5205a75b76ec9ee83a8a6123f406efc69de238cce1d09044672f6685fe5d
[INFO] running `Command { std: "docker" "create" "-v" "/var/lib/crater-agent-workspace/builds/worker-3/target:/opt/rustwide/target:rw,Z" "-v" "/var/lib/crater-agent-workspace/builds/worker-3/source:/opt/rustwide/workdir:ro,Z" "-v" "/var/lib/crater-agent-workspace/cargo-home:/opt/rustwide/cargo-home:ro,Z" "-v" "/var/lib/crater-agent-workspace/rustup-home:/opt/rustwide/rustup-home:ro,Z" "-e" "SOURCE_DIR=/opt/rustwide/workdir" "-e" "CARGO_TARGET_DIR=/opt/rustwide/target" "-e" "CARGO_INCREMENTAL=0" "-e" "RUST_BACKTRACE=full" "-e" "RUSTFLAGS=--cap-lints=forbid" "-e" "CARGO_HOME=/opt/rustwide/cargo-home" "-e" "RUSTUP_HOME=/opt/rustwide/rustup-home" "-w" "/opt/rustwide/workdir" "-m" "1610612736" "--user" "0:0" "--network" "none" "ghcr.io/rust-lang/crates-build-env/linux@sha256:20528e8c29e4536546f0102ce88568b16ea7538393a33fcca951030f7af10457" "/opt/rustwide/cargo-home/bin/cargo" "+ff34b919075f35a1787659e9c448a34b06bab8de" "build" "--frozen" "--message-format=json", kill_on_drop: false }`
[INFO] [stderr] WARNING: Your kernel does not support swap limit capabilities or the cgroup is not mounted. Memory limited without swap.
[INFO] [stdout] 2791f650e83384ed77671ae977678ba9ac5f4440cbdabd4ac704ea9266b3c54b
[INFO] running `Command { std: "docker" "start" "-a" "2791f650e83384ed77671ae977678ba9ac5f4440cbdabd4ac704ea9266b3c54b", kill_on_drop: false }`
[INFO] [stderr]    Compiling proc-macro2 v0.4.30
[INFO] [stderr]    Compiling vec_map v0.6.0
[INFO] [stderr]    Compiling lalr v0.0.2
[INFO] [stderr]    Compiling redfa v0.0.2
[INFO] [stderr]    Compiling quote v0.6.13
[INFO] [stderr]    Compiling syn v0.15.44
[INFO] [stderr]    Compiling plex v0.2.5
[INFO] [stderr]    Compiling mytableau v0.1.0 (/opt/rustwide/workdir)
[INFO] [stderr]     Finished dev [unoptimized + debuginfo] target(s) in 22.53s
[INFO] running `Command { std: "docker" "inspect" "2791f650e83384ed77671ae977678ba9ac5f4440cbdabd4ac704ea9266b3c54b", kill_on_drop: false }`
[INFO] running `Command { std: "docker" "rm" "-f" "2791f650e83384ed77671ae977678ba9ac5f4440cbdabd4ac704ea9266b3c54b", kill_on_drop: false }`
[INFO] [stdout] 2791f650e83384ed77671ae977678ba9ac5f4440cbdabd4ac704ea9266b3c54b
[INFO] running `Command { std: "docker" "create" "-v" "/var/lib/crater-agent-workspace/builds/worker-3/target:/opt/rustwide/target:rw,Z" "-v" "/var/lib/crater-agent-workspace/builds/worker-3/source:/opt/rustwide/workdir:ro,Z" "-v" "/var/lib/crater-agent-workspace/cargo-home:/opt/rustwide/cargo-home:ro,Z" "-v" "/var/lib/crater-agent-workspace/rustup-home:/opt/rustwide/rustup-home:ro,Z" "-e" "SOURCE_DIR=/opt/rustwide/workdir" "-e" "CARGO_TARGET_DIR=/opt/rustwide/target" "-e" "CARGO_INCREMENTAL=0" "-e" "RUST_BACKTRACE=full" "-e" "RUSTFLAGS=--cap-lints=forbid" "-e" "CARGO_HOME=/opt/rustwide/cargo-home" "-e" "RUSTUP_HOME=/opt/rustwide/rustup-home" "-w" "/opt/rustwide/workdir" "-m" "1610612736" "--user" "0:0" "--network" "none" "ghcr.io/rust-lang/crates-build-env/linux@sha256:20528e8c29e4536546f0102ce88568b16ea7538393a33fcca951030f7af10457" "/opt/rustwide/cargo-home/bin/cargo" "+ff34b919075f35a1787659e9c448a34b06bab8de" "test" "--frozen" "--no-run" "--message-format=json", kill_on_drop: false }`
[INFO] [stdout] 231aa4a1c46768a95b12bb6df40c935ac5fcf6942cd7ffa6a0b8c425110b8876
[INFO] [stderr] WARNING: Your kernel does not support swap limit capabilities or the cgroup is not mounted. Memory limited without swap.
[INFO] running `Command { std: "docker" "start" "-a" "231aa4a1c46768a95b12bb6df40c935ac5fcf6942cd7ffa6a0b8c425110b8876", kill_on_drop: false }`
[INFO] [stderr]    Compiling mytableau v0.1.0 (/opt/rustwide/workdir)
[INFO] [stdout] error[E0061]: this function takes 3 arguments but 1 argument was supplied
[INFO] [stdout]    --> src/prop_tree.rs:375:14
[INFO] [stdout]     |
[INFO] [stdout] 375 |         assert_eq!(PropTree::from_string("!(&(a b))").to_string(), "!&(a b)");
[INFO] [stdout]     |                    ^^^^^^^^^^^^^^^^^^^^^ ----------- supplied 1 argument
[INFO] [stdout]     |                    |
[INFO] [stdout]     |                    expected 3 arguments
[INFO] [stdout]     |
[INFO] [stdout] note: associated function defined here
[INFO] [stdout]    --> src/prop_tree.rs:81:9
[INFO] [stdout]     |
[INFO] [stdout] 81  |     pub fn from_string<F>(string: &str, mut truth_tree: &mut TruthTree, alloc_aid: F) -> PropTree
[INFO] [stdout]     |            ^^^^^^^^^^^    ------------  ------------------------------  ------------
[INFO] [stdout] 
[INFO] [stdout] 
[INFO] [stdout] error[E0061]: this function takes 1 argument but 0 arguments were supplied
[INFO] [stdout]    --> src/prop_tree.rs:375:49
[INFO] [stdout]     |
[INFO] [stdout] 375 |         assert_eq!(PropTree::from_string("!(&(a b))").to_string(), "!&(a b)");
[INFO] [stdout]     |                                                       ^^^^^^^^^- supplied 0 arguments
[INFO] [stdout]     |                                                       |
[INFO] [stdout]     |                                                       expected 1 argument
[INFO] [stdout]     |
[INFO] [stdout] note: associated function defined here
[INFO] [stdout]    --> src/prop_tree.rs:321:9
[INFO] [stdout]     |
[INFO] [stdout] 321 |     pub fn to_string(&self, name_dict: &HashMap<usize, String>) -> String {
[INFO] [stdout]     |            ^^^^^^^^^ -----  ----------------------------------
[INFO] [stdout] 
[INFO] [stdout] 
[INFO] [stdout] error[E0061]: this function takes 3 arguments but 1 argument was supplied
[INFO] [stdout]    --> src/prop_tree.rs:377:14
[INFO] [stdout]     |
[INFO] [stdout] 377 |         assert_eq!(PropTree::from_string("a(b c)").to_string(), "a(b c)");
[INFO] [stdout]     |                    ^^^^^^^^^^^^^^^^^^^^^ -------- supplied 1 argument
[INFO] [stdout]     |                    |
[INFO] [stdout]     |                    expected 3 arguments
[INFO] [stdout]     |
[INFO] [stdout] note: associated function defined here
[INFO] [stdout]    --> src/prop_tree.rs:81:9
[INFO] [stdout]     |
[INFO] [stdout] 81  |     pub fn from_string<F>(string: &str, mut truth_tree: &mut TruthTree, alloc_aid: F) -> PropTree
[INFO] [stdout]     |            ^^^^^^^^^^^    ------------  ------------------------------  ------------
[INFO] [stdout] 
[INFO] [stdout] 
[INFO] [stdout] error[E0061]: this function takes 1 argument but 0 arguments were supplied
[INFO] [stdout]    --> src/prop_tree.rs:377:46
[INFO] [stdout]     |
[INFO] [stdout] 377 |         assert_eq!(PropTree::from_string("a(b c)").to_string(), "a(b c)");
[INFO] [stdout]     |                                                    ^^^^^^^^^- supplied 0 arguments
[INFO] [stdout]     |                                                    |
[INFO] [stdout]     |                                                    expected 1 argument
[INFO] [stdout]     |
[INFO] [stdout] note: associated function defined here
[INFO] [stdout]    --> src/prop_tree.rs:321:9
[INFO] [stdout]     |
[INFO] [stdout] 321 |     pub fn to_string(&self, name_dict: &HashMap<usize, String>) -> String {
[INFO] [stdout]     |            ^^^^^^^^^ -----  ----------------------------------
[INFO] [stdout] 
[INFO] [stdout] 
[INFO] [stdout] error[E0061]: this function takes 3 arguments but 1 argument was supplied
[INFO] [stdout]    --> src/prop_tree.rs:383:14
[INFO] [stdout]     |
[INFO] [stdout] 383 |         assert_eq!(PropTree::from_string("a").negate().to_string(), "!a");
[INFO] [stdout]     |                    ^^^^^^^^^^^^^^^^^^^^^ --- supplied 1 argument
[INFO] [stdout]     |                    |
[INFO] [stdout]     |                    expected 3 arguments
[INFO] [stdout]     |
[INFO] [stdout] note: associated function defined here
[INFO] [stdout]    --> src/prop_tree.rs:81:9
[INFO] [stdout]     |
[INFO] [stdout] 81  |     pub fn from_string<F>(string: &str, mut truth_tree: &mut TruthTree, alloc_aid: F) -> PropTree
[INFO] [stdout]     |            ^^^^^^^^^^^    ------------  ------------------------------  ------------
[INFO] [stdout] 
[INFO] [stdout] 
[INFO] [stdout] error[E0061]: this function takes 1 argument but 0 arguments were supplied
[INFO] [stdout]    --> src/prop_tree.rs:383:50
[INFO] [stdout]     |
[INFO] [stdout] 383 |         assert_eq!(PropTree::from_string("a").negate().to_string(), "!a");
[INFO] [stdout]     |                                                        ^^^^^^^^^- supplied 0 arguments
[INFO] [stdout]     |                                                        |
[INFO] [stdout]     |                                                        expected 1 argument
[INFO] [stdout]     |
[INFO] [stdout] note: associated function defined here
[INFO] [stdout]    --> src/prop_tree.rs:321:9
[INFO] [stdout]     |
[INFO] [stdout] 321 |     pub fn to_string(&self, name_dict: &HashMap<usize, String>) -> String {
[INFO] [stdout]     |            ^^^^^^^^^ -----  ----------------------------------
[INFO] [stdout] 
[INFO] [stdout] 
[INFO] [stdout] error[E0061]: this function takes 3 arguments but 1 argument was supplied
[INFO] [stdout]    --> src/prop_tree.rs:385:4
[INFO] [stdout]     |
[INFO] [stdout] 385 |             PropTree::from_string("!(&(a b))").negate().to_string(),
[INFO] [stdout]     |             ^^^^^^^^^^^^^^^^^^^^^ ----------- supplied 1 argument
[INFO] [stdout]     |             |
[INFO] [stdout]     |             expected 3 arguments
[INFO] [stdout]     |
[INFO] [stdout] note: associated function defined here
[INFO] [stdout]    --> src/prop_tree.rs:81:9
[INFO] [stdout]     |
[INFO] [stdout] 81  |     pub fn from_string<F>(string: &str, mut truth_tree: &mut TruthTree, alloc_aid: F) -> PropTree
[INFO] [stdout]     |            ^^^^^^^^^^^    ------------  ------------------------------  ------------
[INFO] [stdout] 
[INFO] [stdout] 
[INFO] [stdout] error[E0061]: this function takes 1 argument but 0 arguments were supplied
[INFO] [stdout]    --> src/prop_tree.rs:385:48
[INFO] [stdout]     |
[INFO] [stdout] 385 |             PropTree::from_string("!(&(a b))").negate().to_string(),
[INFO] [stdout]     |                                                         ^^^^^^^^^- supplied 0 arguments
[INFO] [stdout]     |                                                         |
[INFO] [stdout]     |                                                         expected 1 argument
[INFO] [stdout]     |
[INFO] [stdout] note: associated function defined here
[INFO] [stdout]    --> src/prop_tree.rs:321:9
[INFO] [stdout]     |
[INFO] [stdout] 321 |     pub fn to_string(&self, name_dict: &HashMap<usize, String>) -> String {
[INFO] [stdout]     |            ^^^^^^^^^ -----  ----------------------------------
[INFO] [stdout] 
[INFO] [stdout] 
[INFO] [stdout] error[E0061]: this function takes 3 arguments but 1 argument was supplied
[INFO] [stdout]    --> src/prop_tree.rs:390:4
[INFO] [stdout]     |
[INFO] [stdout] 390 |             PropTree::from_string("&(!(a) b)").negate().to_string(),
[INFO] [stdout]     |             ^^^^^^^^^^^^^^^^^^^^^ ----------- supplied 1 argument
[INFO] [stdout]     |             |
[INFO] [stdout]     |             expected 3 arguments
[INFO] [stdout]     |
[INFO] [stdout] note: associated function defined here
[INFO] [stdout]    --> src/prop_tree.rs:81:9
[INFO] [stdout]     |
[INFO] [stdout] 81  |     pub fn from_string<F>(string: &str, mut truth_tree: &mut TruthTree, alloc_aid: F) -> PropTree
[INFO] [stdout]     |            ^^^^^^^^^^^    ------------  ------------------------------  ------------
[INFO] [stdout] 
[INFO] [stdout] 
[INFO] [stdout] error[E0061]: this function takes 1 argument but 0 arguments were supplied
[INFO] [stdout]    --> src/prop_tree.rs:390:48
[INFO] [stdout]     |
[INFO] [stdout] 390 |             PropTree::from_string("&(!(a) b)").negate().to_string(),
[INFO] [stdout]     |                                                         ^^^^^^^^^- supplied 0 arguments
[INFO] [stdout]     |                                                         |
[INFO] [stdout]     |                                                         expected 1 argument
[INFO] [stdout]     |
[INFO] [stdout] note: associated function defined here
[INFO] [stdout]    --> src/prop_tree.rs:321:9
[INFO] [stdout]     |
[INFO] [stdout] 321 |     pub fn to_string(&self, name_dict: &HashMap<usize, String>) -> String {
[INFO] [stdout]     |            ^^^^^^^^^ -----  ----------------------------------
[INFO] [stdout] 
[INFO] [stdout] 
[INFO] [stdout] error[E0061]: this function takes 3 arguments but 1 argument was supplied
[INFO] [stdout]    --> src/prop_tree.rs:394:4
[INFO] [stdout]     |
[INFO] [stdout] 394 |             PropTree::from_string("|(a &(b c))").negate().to_string(),
[INFO] [stdout]     |             ^^^^^^^^^^^^^^^^^^^^^ ------------- supplied 1 argument
[INFO] [stdout]     |             |
[INFO] [stdout]     |             expected 3 arguments
[INFO] [stdout]     |
[INFO] [stdout] note: associated function defined here
[INFO] [stdout]    --> src/prop_tree.rs:81:9
[INFO] [stdout]     |
[INFO] [stdout] 81  |     pub fn from_string<F>(string: &str, mut truth_tree: &mut TruthTree, alloc_aid: F) -> PropTree
[INFO] [stdout]     |            ^^^^^^^^^^^    ------------  ------------------------------  ------------
[INFO] [stdout] 
[INFO] [stdout] 
[INFO] [stdout] error[E0061]: this function takes 1 argument but 0 arguments were supplied
[INFO] [stdout]    --> src/prop_tree.rs:394:50
[INFO] [stdout]     |
[INFO] [stdout] 394 |             PropTree::from_string("|(a &(b c))").negate().to_string(),
[INFO] [stdout]     |                                                           ^^^^^^^^^- supplied 0 arguments
[INFO] [stdout]     |                                                           |
[INFO] [stdout]     |                                                           expected 1 argument
[INFO] [stdout]     |
[INFO] [stdout] note: associated function defined here
[INFO] [stdout]    --> src/prop_tree.rs:321:9
[INFO] [stdout]     |
[INFO] [stdout] 321 |     pub fn to_string(&self, name_dict: &HashMap<usize, String>) -> String {
[INFO] [stdout]     |            ^^^^^^^^^ -----  ----------------------------------
[INFO] [stdout] 
[INFO] [stdout] 
[INFO] [stdout] error[E0061]: this function takes 3 arguments but 1 argument was supplied
[INFO] [stdout]    --> src/prop_tree.rs:398:4
[INFO] [stdout]     |
[INFO] [stdout] 398 |             PropTree::from_string("#(a !(b))").negate().to_string(),
[INFO] [stdout]     |             ^^^^^^^^^^^^^^^^^^^^^ ----------- supplied 1 argument
[INFO] [stdout]     |             |
[INFO] [stdout]     |             expected 3 arguments
[INFO] [stdout]     |
[INFO] [stdout] note: associated function defined here
[INFO] [stdout]    --> src/prop_tree.rs:81:9
[INFO] [stdout]     |
[INFO] [stdout] 81  |     pub fn from_string<F>(string: &str, mut truth_tree: &mut TruthTree, alloc_aid: F) -> PropTree
[INFO] [stdout]     |            ^^^^^^^^^^^    ------------  ------------------------------  ------------
[INFO] [stdout] 
[INFO] [stdout] 
[INFO] [stdout] error[E0061]: this function takes 1 argument but 0 arguments were supplied
[INFO] [stdout]    --> src/prop_tree.rs:398:48
[INFO] [stdout]     |
[INFO] [stdout] 398 |             PropTree::from_string("#(a !(b))").negate().to_string(),
[INFO] [stdout]     |                                                         ^^^^^^^^^- supplied 0 arguments
[INFO] [stdout]     |                                                         |
[INFO] [stdout]     |                                                         expected 1 argument
[INFO] [stdout]     |
[INFO] [stdout] note: associated function defined here
[INFO] [stdout]    --> src/prop_tree.rs:321:9
[INFO] [stdout]     |
[INFO] [stdout] 321 |     pub fn to_string(&self, name_dict: &HashMap<usize, String>) -> String {
[INFO] [stdout]     |            ^^^^^^^^^ -----  ----------------------------------
[INFO] [stdout] 
[INFO] [stdout] 
[INFO] [stdout] error[E0061]: this function takes 3 arguments but 1 argument was supplied
[INFO] [stdout]    --> src/prop_tree.rs:406:18
[INFO] [stdout]     |
[INFO] [stdout] 406 |         println!("{}", PropTree::from_string("&(a b").to_string());
[INFO] [stdout]     |                        ^^^^^^^^^^^^^^^^^^^^^ ------- supplied 1 argument
[INFO] [stdout]     |                        |
[INFO] [stdout]     |                        expected 3 arguments
[INFO] [stdout]     |
[INFO] [stdout] note: associated function defined here
[INFO] [stdout]    --> src/prop_tree.rs:81:9
[INFO] [stdout]     |
[INFO] [stdout] 81  |     pub fn from_string<F>(string: &str, mut truth_tree: &mut TruthTree, alloc_aid: F) -> PropTree
[INFO] [stdout]     |            ^^^^^^^^^^^    ------------  ------------------------------  ------------
[INFO] [stdout] 
[INFO] [stdout] 
[INFO] [stdout] error[E0061]: this function takes 1 argument but 0 arguments were supplied
[INFO] [stdout]    --> src/prop_tree.rs:406:49
[INFO] [stdout]     |
[INFO] [stdout] 406 |         println!("{}", PropTree::from_string("&(a b").to_string());
[INFO] [stdout]     |                                                       ^^^^^^^^^- supplied 0 arguments
[INFO] [stdout]     |                                                       |
[INFO] [stdout]     |                                                       expected 1 argument
[INFO] [stdout]     |
[INFO] [stdout] note: associated function defined here
[INFO] [stdout]    --> src/prop_tree.rs:321:9
[INFO] [stdout]     |
[INFO] [stdout] 321 |     pub fn to_string(&self, name_dict: &HashMap<usize, String>) -> String {
[INFO] [stdout]     |            ^^^^^^^^^ -----  ----------------------------------
[INFO] [stdout] 
[INFO] [stdout] 
[INFO] [stdout] error: aborting due to 16 previous errors
[INFO] [stdout] 
[INFO] [stdout] 
[INFO] [stdout] For more information about this error, try `rustc --explain E0061`.
[INFO] [stdout] 
[INFO] [stderr] error: could not compile `mytableau`
[INFO] [stderr] 
[INFO] [stderr] To learn more, run the command again with --verbose.
[INFO] [stderr] warning: build failed, waiting for other jobs to finish...
[INFO] [stderr] error: build failed
[INFO] running `Command { std: "docker" "inspect" "231aa4a1c46768a95b12bb6df40c935ac5fcf6942cd7ffa6a0b8c425110b8876", kill_on_drop: false }`
[INFO] running `Command { std: "docker" "rm" "-f" "231aa4a1c46768a95b12bb6df40c935ac5fcf6942cd7ffa6a0b8c425110b8876", kill_on_drop: false }`
[INFO] [stdout] 231aa4a1c46768a95b12bb6df40c935ac5fcf6942cd7ffa6a0b8c425110b8876
